00111
In base 2, what is 10001101010 + 100010110?
10110000000
In base 16, what is 3 - -17d3a?
17d3d
In base 9, what is 4 - 443060?
-443055
In base 15, what is 240d4 - -21?
24105
In base 2, what is 1011100000000000 - -11?
1011100000000011
In base 7, what is -354 - -4?
-350
In base 7, what is -15653 - -613?
-15040
In base 11, what is -13 + 44a6?
4493
In base 2, what is 11100100001100 + -110?
11100100000110
In base 9, what is 16331 - 25?
16305
In base 9, what is -7 - -663304?
663286
In base 14, what is -1c + ddd?
dc1
In base 16, what is -763a + -1?
-763b
In base 11, what is -4 - 11914?
-11918
In base 8, what is 472 - -23?
515
In base 9, what is 6 - -57662?
57668
In base 15, what is -1254 - -8?
-124b
In base 14, what is 82d4 + 2?
82d6
In base 3, what is -11 - 1110101102?
-1110101120
In base 15, what is -4751 - -6c?
-46d4
In base 12, what is 258 + -19a?
7a
In base 8, what is 163324 + 21?
163345
In base 6, what is -4 - 3411241?
-3411245
In base 2, what is 110 + 10110111010000?
10110111010110
In base 9, what is 42 + -24647?
-24605
In base 6, what is -2 - 35132?
-35134
In base 3, what is 121022121 - -102?
121100000
In base 14, what is -242 + 33?
-20d
In base 10, what is -87 - -11994?
11907
In base 2, what is -10 - 1001100111?
-1001101001
In base 2, what is 101110001 + 1010010011?
10000000100
In base 12, what is -1b + -44951?
-44970
In base 6, what is -2535 - -1351?
-1144
In base 11, what is 7 + -a80a6?
-a809a
In base 6, what is -133 - -40?
-53
In base 6, what is 115431 + -3?
115424
In base 7, what is -552435 - 4?
-552442
In base 3, what is 221211020102 - -10?
221211020112
In base 14, what is -b30a + 2?
-b308
In base 15, what is -3b5a - 27?
-3b82
In base 5, what is -314243441 - 4?
-314244000
In base 4, what is 32310 - -11113?
110023
In base 8, what is 5 - -344357?
344364
In base 4, what is -2303301132 - 11?
-2303301203
In base 6, what is 1 - -53405?
53410
In base 3, what is 100120002 - -222212?
101112221
In base 10, what is 1967 + -72?
1895
In base 11, what is 10 - 4a029?
-4a019
In base 11, what is 3 - 5a8418?
-5a8415
In base 2, what is -100101101101000011111 - 101?
-100101101101000100100
In base 15, what is 64676 + 0?
64676
In base 13, what is -211 + -39?
-24a
In base 7, what is 126 + -1163?
-1034
In base 8, what is -5 - 311333?
-311340
In base 12, what is 17 - 583b?
-5824
In base 12, what is -13 - -bb216?
bb203
In base 4, what is 113213120 + 32?
113213212
In base 10, what is 0 - -11964?
11964
In base 16, what is -5 + 5634?
562f
In base 4, what is 21 + 103132?
103213
In base 11, what is -385 + 1962?
1588
In base 10, what is 9 - 99559?
-99550
In base 6, what is -1 - -2211044?
2211043
In base 13, what is 5ab - 1a?
591
In base 3, what is 2100 - -10212?
20012
In base 12, what is 10a318 + -7?
10a311
In base 4, what is -10111010 - 3?
-10111013
In base 9, what is -1851 + 26?
-1824
In base 5, what is -1302 - -1242?
-10
In base 16, what is 135f0 + -5?
135eb
In base 9, what is 4742 - -1?
4743
In base 7, what is 355443 + -20?
355423
In base 16, what is 60 - b48?
-ae8
In base 10, what is 13 + 8947?
8960
In base 7, what is 5 - -556112?
556120
In base 6, what is -11232054 + -22?
-11232120
In base 7, what is -4 - 41243?
-41250
In base 15, what is 92503 + -5?
924ed
In base 7, what is -2 - 44556?
-44561
In base 14, what is -1088 - 4d?
-10d7
In base 8, what is -11440 - -13?
-11425
In base 15, what is -16c - -b5b?
9de
In base 4, what is 1112013122 + 12?
1112013200
In base 7, what is -1554 - 221?
-2105
In base 10, what is 176 - 15618?
-15442
In base 12, what is -5 + 9287?
9282
In base 7, what is 4 - -111261?
111265
In base 8, what is 304765 - 4?
304761
In base 12, what is 4 + 9971?
9975
In base 9, what is -4 + 25703?
25688
In base 16, what is 1c3 - 5?
1be
In base 2, what is 10111001 - -111001101?
1010000110
In base 10, what is -38 + 24353?
24315
In base 6, what is 11530510 - -3?
11530513
In base 2, what is 10010 + 10100110101101100?
10100110101111110
In base 4, what is -30023 + 113?
-23310
In base 3, what is 111010210222 + -12?
111010210210
In base 10, what is 44600 - 4?
44596
In base 6, what is 1203102 + 5?
1203111
In base 8, what is -15 - -1626?
1611
In base 4, what is 3131202 + -3?
3131133
In base 14, what is 9 - 5a2cd?
-5a2c4
In base 15, what is -11 + -1ca9?
-1cba
In base 12, what is a251a - -4?
a2522
In base 16, what is f4c + 43?
f8f
In base 8, what is -151 + 474?
323
In base 12, what is 127 - 38b9?
-3792
In base 14, what is 490b5 + 5?
490ba
In base 16, what is -1 - -1065?
1064
In base 5, what is -11331 + -20?
-11401
In base 5, what is 11403243 + 1?
11403244
In base 12, what is 31446 + -4?
31442
In base 9, what is 1 + -1757?
-1756
In base 5, what is 111422441 - 1?
111422440
In base 6, what is -445345 - 12?
-445401
In base 6, what is -5232 + -5?
-5241
In base 13, what is 17264 - -22?
17286
In base 9, what is -3 - -184770?
184766
In base 8, what is 13 + 10153?
10166
In base 3, what is -10 - -121212010?
121212000
In base 12, what is 0 - 8152?
-8152
In base 3, what is 1 - 20101021?
-20101020
In base 14, what is -1a8d + -12?
-1aa1
In base 11, what is -33870 + -1?
-33871
In base 9, what is -60 + 222?
152
In base 11, what is 74231 - 4?
74228
In base 10, what is -1017 + -336?
-1353
In base 12, what is 7 + 2415a?
24165
In base 5, what is 440043 - 0?
440043
In base 13, what is -1252 - 25?
-1277
In base 5, what is 30 - 131104?
-131024
In base 8, what is -5 + -11116?
-11123
In base 8, what is -4751722 + 3?
-4751717
In base 12, what is 3 + -b4a3?
-b4a0
In base 10, what is -35585 + -2?
-35587
In base 5, what is -1244213 + -3?
-1244221
In base 10, what is -3 - 72848?
-72851
In base 9, what is -10 - 278?
-288
In base 5, what is -30432 - -2422?
-23010
In base 6, what is -5 - -55105?
55100
In base 14, what is -2780 - -15b?
-2623
In base 14, what is c93b + -3?
c938
In base 3, what is -2 - -120200121?
120200112
In base 8, what is 1703 - 360?
1323
In base 4, what is 11001123 + -23?
11001100
In base 9, what is 1152 - -1?
1153
In base 2, what is 1 + -10101110100100000?
-10101110100011111
In base 16, what is -1 - -3c93?
3c92
In base 15, what is -514e - -2?
-514c
In base 14, what is -2 - c15?
-c17
In base 8, what is 340631 - 2?
340627
In base 7, what is 1224 - -403?
1630
In base 16, what is -ec + -8?
-f4
In base 16, what is -cde + -23?
-d01
In base 4, what is 321323 + -100?
321223
In base 2, what is -10111111 + 11000101101?
10101101110
In base 8, what is -10114 - 712?
-11026
In base 14, what is 1077a2 + 1?
1077a3
In base 5, what is 2321202 - 22?
2321130
In base 10, what is -12 + -31627?
-31639
In base 2, what is -110000 + -101000000?
-101110000
In base 16, what is 2b34 + 2c?
2b60
In base 15, what is -4 + 42018?
42014
In base 8, what is -3 + -612707?
-612712
In base 16, what is ad125 - -1?
ad126
In base 8, what is -135670 + -76?
-135766
In base 16, what is 68e62 - 5?
68e5d
In base 10, what is -5 + 12765?
12760
In base 8, what is -33760 - -250?
-33510
In base 11, what is -957 - 494?
-1340
In base 16, what is 13 + -c4?
-b1
In base 9, what is 2734707 - 3?
2734704
In base 7, what is 2 - 1145543?
-1145541
In base 8, what is 1 - 14112?
-14111
In base 2, what is 110111111000 - -1101010110?
1000101001110
In base 10, what is 4079 + 23?
4102
In base 10, what is -349 - -1487?
1138
In base 12, what is -1 - 4503b7?
-4503b8
In base 11, what is 5 + 6082?
6087
In base 13, what is -4b0a + 1?
-4b09
In base 5, what is -42 - 331112?
-331204
In base 2, what is -1000 + -10100100101?
-10100101101
In base 6, what is 3130004 - 1?
3130003
In base 2, what is -11110001 - -1001000001110?
1000100011101
In base 9, what is 10165 - 8?
10156
In base 13, what is -45 + 7ca?
785
In base 4, what is 20 + -3111131?
-3111111
In base 15, what is -103c0 + c?
-103b3
In base 6, what is -12012013 + 3?
-12012010
In base 10, what is 192 + 75?
267
In base 15, what is -ae4 + -7?
-aeb
In base 5, what is 14141140 - 1?
14141134
In base 15, what is 2 + -92462?
-92460
In base 11, what is -1 - 41139?
-4113a
In base 9, what is -50 - -1458?
1408
In base 7, what is 10313 - 122?
10161
In base 6, what is 3433 + -132?
3301
In base 10, what is -488933 - 5?
-488938
In base 6, what is 4 + -2241455?
-2241451
In base 12, what is 0 - -375213?
375213
In base 5, what is 3 + 143414?
143422
In base 15, what is -3259 + -d?
-3267
In base 4, what is -30 - 3130